j - 40. Let k be x(2). Suppose -8 = -2*o + k*f + 36, -2*o + 3*f + 44 = 0. Let t = -33 - -93. What is the remainder when t is divided by o?
16
Let q = -14965 - -16474. Calculate the remainder when q is divided by 301.
4
Let f = 66 - -5. Let t = f + -83. Let i = t + 30. What is the remainder when 51 is divided by i?
15
Let s(i) = i**3 + 7*i**2 + 4*i - 8. Let q(t) = -538*t + 10782. Calculate the remainder when q(20) is divided by s(-6).
2
Let b be (2 - 7) + (8 - 0). Suppose 0 = -b*l + 140 - 62. Calculate the remainder when l is divided by 8.
2
Suppose 3*p = 4*w + 10 + 7, w = 5*p. Let c(j) = -524*j**2 + 3*j + 2. Let m be c(p). What is the remainder when 4/(-30) + 5/(m/(-3059)) is divided by 15?
14
Let x(y) = 2*y**2 - y - 7. Let l be x(4). Let o(r) = r - 16*r**2 + l*r**2 - 3 + 0*r. What is the remainder when 26 is divided by o(-2)?
11
Suppose -38*w + 37*w - 2*x + 112 = 0, 0 = -5*w - 2*x + 592. Calculate the remainder when 450 is divided by w.
90
Let a(o) = 8*o**3 - 64*o**2 - 23*o + 46. What is the remainder when 1043 is divided by a(9)?
69
Let r = 5609 - 3433. What is the remainder when r is divided by 19?
10
Let j = 252 - 218. Suppose 2*x + 1482 = 4*z, -2*z + 3*x = -578 - 153. Calculate the remainder when z is divided by j.
33
Suppose -116*d + 4*k + 1496 = -100*d, -d + 83 = -2*k. Calculate the remainder when 3884 is divided by d.
84
Suppose -73787 = -47*q - 80*q. What is the remainder when q is divided by 15?
11
Suppose 79*y - 341 - 1160 = 0. What is the remainder when y is divided by 3?
1
Let n = -21 - -26. Suppose -n = -z + 14. What is the remainder when 1/((-4)/138*3/(-6)) is divided by z?
12
Suppose -25*h = 3*h + 7924. Let m = -274 - h. What is the remainder when 59 is divided by m?
5
Let l be 2*805/(-28)*2. What is the remainder when 60 is divided by (-4117)/l - 1/(-5)?
24
What is the remainder when 2/13 + 5500820/845 is divided by 148?
146
Let a = 5590 + 9674. Suppose 20*l + 16*l = a. Calculate the remainder when l is divided by 61.
58
Suppose 0 = 5*c - 21 - 49. Let j(y) = -y**2 - 11*y - 13*y + 74*y - 15*y - 12 - 19*y. Calculate the remainder when j(c) is divided by 6.
4
Suppose -252 = -p - 3*p. Suppose 0*j = 4*j + 16, -b - 3*j = -98. Suppose 4*g = -g + b. Calculate the remainder when p is divided by g.
19
Let o(z) = -8*z**3 - z**2 - 38*z - 360. What is the remainder when o(-13) is divided by 204?
201
Suppose -h - 124 + 1516 = 2*v, -h - 3459 = -5*v. Calculate the remainder when v is divided by 27.
18
Suppose 3 = -2*v + 5*w, -w - 2 - 19 = -4*v. Suppose 15 = -5*j, -22 + v = -2*i + 2*j. Calculate the remainder when 77 is divided by i.
2
Suppose -5*d + 81 - 21 = 0. Suppose -16*c + d*c = -136. Suppose -r + c - 16 = 0. What is the remainder when 50 is divided by r?
14
Let m(q) = 45*q - 3328. What is the remainder when 132 is divided by m(74)?
0
Let v = -105 - -174. Let i(y) = -y**3 - 74*y**2 + 76*y + 81. Calculate the remainder when v is divided by i(-75).
3
Suppose -243 - 577 = -5*l. Suppose 4*i + 23 = q - 3, -4*q + l = 4*i. Calculate the remainder when 184 is divided by q.
32
Suppose -o = 8 + 12. Let j = 55 + -91. What is the remainder when 18 is divided by (j/o + -1)*15?
6
Suppose -83*b + 120*b = -42*b + 1185. What is the remainder when (1 + (-4)/6)*129 is divided by b?
13
Let m(d) = -d**3 - 8*d**2 + 11*d + 91. Let h be m(-8). What is the remainder when (2/(-5))/(2/(-610)) is divided by (-4)/h*6*49/(-28)?
10
Let g = -263 + 1865. What is the remainder when g is divided by 797?
8
What is the remainder when 994 is divided by 18 - (-1 - 201) - 13?
166
Let o = 17949 + -17600. What is the remainder when o is divided by 80?
29
Let m(k) = -504*k**3 + 53*k + 52. Calculate the remainder when m(-1) is divided by 127.
122
Suppose -5*u = z - 173, 0 = -0*u + u - 1. Calculate the remainder when z is divided by 5.
3
Suppose z = 3*n - 10 - 2, 3*z - 5*n = -16. Suppose z*j - 741 = 891. Calculate the remainder when j/12*18/12 is divided by 38.
30
Suppose 5*q + 5 = -20. Let v = 489 - 473. What is the remainder when (-1)/(-5) + (-299)/q is divided by v?
12
Suppose -448*c + 15104 = 320. What is the remainder when 71 is divided by c?
5
Suppose 6*j = 4014 - 2490. What is the remainder when j is divided by 48?
14
Let r(f) = -43 - f + 36 + 7 + 107*f**2. Calculate the remainder when r(-1) is divided by 22.
20
Let o(b) = 7*b - 16. Suppose 4*n = -5*l + 55, -n - 10 + 50 = 5*l. Suppose 2*c - 5*z = 26, c + 3*c = 2*z + 52. Calculate the remainder when o(l) is divided by c.
7
Let t(v) = 48*v + 4681. What is the remainder when 941 is divided by t(-91)?
2
Suppose -399 - 461 = -4*d - 2*j, 4*d - 3*j - 860 = 0. Suppose 5*i + 16 = 106. What is the remainder when d is divided by i?
17
Let c(t) = 5191*t + 282. Calculate the remainder when c(1) is divided by 15.
13
Let v = -3473 - -3508. What is the remainder when 124 is divided by v?
19
Suppose 0 = 3*b - 2*j - 160, 106*j - 5 = 101*j. Calculate the remainder when 1453 is divided by b.
49
Suppose 0 = 5*l + 19 - 104. Let t be (-12)/8*(-10)/3. Suppose 5*u = u - 2*y + 12, 0 = t*y + 10. What is the remainder when l is divided by u?
1
What is the remainder when (33/(-66)*314/(-5))/((-1)/(-5)) is divided by 95?
62
Suppose -360 = -29*h + 220. Suppose -348 - 152 = -h*w. What is the remainder when w is divided by 7?
4
Let z(c) = -c + 6. Suppose 4*w - 8*w = 2*j + 26, 3*j = -9. Let d = 687 - 602. What is the remainder when d is divided by z(w)?
8
Suppose -5*r = -6 + 1. Suppose 0 = 5*c - 34 - r. Suppose 3*d - 5*k = d + 14, -k = d. What is the remainder when c is divided by d?
1
Let t(l) = l + 8. Let z be t(-3). Suppose 4*u + 12 = v, 0*v - v + 13 = -z*u. Calculate the remainder when 61 is divided by v.
5
Suppose 2*j + 2*x + 6 = -10, -j = -4*x + 18. What is the remainder when 61 is divided by (-6)/j - (-104)/(-195)*-57?
30
Let i = 2690 + -1464. Suppose 9*n - i = 1906. Calculate the remainder when n is divided by 13.
10
Let i(m) = -38*m + 26*m**2 - 67*m**2 + 21 + 18*m**2 + 20*m**2. Calculate the remainder when 36 is divided by i(-13).
4
Suppose -15*u + 806 = -2*u. What is the remainder when 201 is divided by u?
15
Suppose -42*q = 104*q - 62342. What is the remainder when q is divided by 91?
63
Suppose 2*z = -4*n - 124, -z + 296 = -6*z - 3*n. Let v = z - -105. What is the remainder when 232 is divided by v?
44
Suppose 31*k - 780 = -47*k. What is the remainder when 8558 is divided by k?
8
Let b(p) = -p**3 + 33*p**2 + 1061*p - 30. What is the remainder when 378 is divided by b(53)?
10
Let u(c) = 2*c - 33. Let q be u(16). What is the remainder when (-20)/6*((1 - 12) + q) is divided by 9?
4
Suppose -4*z + 1677 = w, -3*w = 5*z - 1131 - 960. Suppose 7*c = 3*c + z. Let o = -92 + c. Calculate the remainder when 24 is divided by o.
11
Calculate the remainder when 2704 is divided by 26 + (-264)/22 + 887.
1
Let s(q) = q**2 - 1. Let a be (-71)/(-4) + 6 + (-4)/(-16). Suppose 474*n - 480*n = -a. Calculate the remainder when n is divided by s(2).
1
Suppose 54*w - 63220 = -90*w - 74*w. What is the remainder when w is divided by 35?
10
Let c(l) = 43*l**2 - l - 6. Let y be c(-2). Let k = -45 + y. What is the remainder when k is divided by 21?
18
Let g = -2282 + 2828. Calculate the remainder when g is divided by 136.
2
Let u = -105 - -38. Let g = -30 - u. What is the remainder when 183 is divided by g?
35
Let t(r) = r + 981 + 8*r**2 + 2*r + 20*r**2 - 977. Let o(i) = i**2 - 4*i + 1. Let f be o(3). Calculate the remainder when t(f) is divided by 37.
36
Let h = 404 - 402. Suppose -3*p = -x + 122 - 938, -2*x = -h*p + 544. Calculate the remainder when p is divided by 23.
19
What is the remainder when 5*703/190*4 is divided by 20?
14
Let t be (-18 + 0)*(8 - 7). Let h be t/(0 - 1)*(-2)/(-4). Suppose -3*m - 4*q + h*q = -50, 0 = 5*q - 10. What is the remainder when 52 is divided by m?
12
Suppose 3*i + 3210 = -4*n + 7*n, -8*n + i = -8511. What is the remainder when n is divided by 31?
9
Let l(k) = 25*k**2 + 189*k + 48. What is the remainder when l(-14) is divided by 48?
46
Suppose 5*c + 22 = 2, -76 = -4*r - 2*c. Calculate the remainder when 1248 is divided by r.
9
Suppose -4*r = -h - 0*r + 58, 3*h + r - 187 = 0. What is the remainder when 77/(6/(-4 + 28)) is divided by h?
60
Let w = 47 - 51. Let g be (63/4)/(w/16). What is the remainder when 1*g/(-7 + 4) is divided by 11?
10
Wh